NOAA-Style Climate Reports

Select a Year or Month report
2019: Jan Fev Mar Abr Mai Jun Jul Ago Set Out Nov Dez
2018: Jan Fev Mar Abr Mai Jun Jul Ago Set Out Nov Dez
2017: Jan Fev Mar Abr Mai Jun Jul Ago Set Out Nov Dez
2016: Jan Fev Mar Abr Mai Jun Jul Ago Set Out Nov Dez

Relatório para o 2019 Junho
                   Monthly Climatological Summary for Jun 2019

Name: CRASM Meteorologia   City: Tojeira, Vilar CDV   State: Portugal
Elevation: 235 m  Lat: N 39 11 12   Lon: W 009 05 02

                  Temperature (°C), Rain (mm), Wind Speed (km/h)

                                      Heat  Cool        Avg
    Mean                              Deg   Deg         Wind                 Dom
Day Temp  High   Time   Low    Time   Days  Days  Rain  Speed High   Time    Dir
----------------------------------------------------------------------------------
01  25,1  32,6   14:24  18,7   21:53   0,0   6,8   0,0   2,9  21,6   22:23   NNO
02  21,2  28,6   14:37  14,3   23:15   0,5   3,4   0,0   3,9  20,9   13:24     N
03  17,7  23,6   14:02  14,3   00:05   1,8   1,1   0,0   4,6  21,6   15:30   NNO
04  15,8  19,5   11:34  13,0   23:57   2,5   0,0   0,3   6,1  34,6   17:09   NNO
05  14,3  18,5   15:34  11,4   23:57   4,0   0,0   0,0   7,5  44,0   17:13   NNO
06  14,1  21,1   14:10  11,3   23:55   4,3   0,1   2,1   2,9  47,6   18:23    NO
07  13,8  18,6   16:00  10,5   06:23   4,5   0,0   0,0   7,1  46,9   16:28   NNO
08  13,5  18,3   15:43  10,0   06:09   4,8   0,0   0,0   7,0  37,5   18:15   NNO
09  15,2  21,0   14:49  10,9   03:49   3,4   0,3   0,0   5,9  28,1   12:48   NNO
10  14,8  19,2   15:11  11,5   04:10   3,5   0,0   0,0   9,0  50,5   19:31   NNO
11  14,7  18,7   13:15  11,9   06:27   3,6   0,0   0,0  10,5  97,3   13:45   NNO
12  14,0  18,4   14:56  10,7   06:19   4,3   0,0   0,0   9,0  46,1   17:52   NNO
13  14,0  18,2   16:47  10,9   04:03   4,3   0,0   0,0   9,5  51,9   20:00   NNO
14  14,5  19,1   16:14  10,7   02:07   3,8   0,0   0,0   4,6  24,5   14:38    NO
15  15,3  21,0   14:14  11,8   05:56   3,3   0,3   0,0   3,0  33,2   15:00   NNO
----------------------------------------------------------------------------------
    15,9  32,6     1    10,0     8    48,6  12,0   2,4   6,2  97,3    11     NNO

Max >=  25,0  2
Max <=  18,0  0
Min <=  10,0  1
Min <=   5,0  0
Max Rain: 2,1 on day 6
Days of Rain: 2 (>= 0,3 mm)  1 (>= 2,0 mm)  0 (>= 10,0 mm)
Heat Base: 18,3  Cool Base: 18,3  Method: Integration