NOAA-Style Climate Reports

Select a Year or Month report
2020: Jan Fev Mar Abr Mai Jun Jul Ago Set Out Nov Dez
2019: Jan Fev Mar Abr Mai Jun Jul Ago Set Out Nov Dez
2018: Jan Fev Mar Abr Mai Jun Jul Ago Set Out Nov Dez
2017: Jan Fev Mar Abr Mai Jun Jul Ago Set Out Nov Dez
2016: Jan Fev Mar Abr Mai Jun Jul Ago Set Out Nov Dez

Relatório para o 2020 Novembro
                   Monthly Climatological Summary for Nov 2020

Name: CRASM Meteorologia   City: Tojeira, Vilar CDV   State: Portugal
Elevation: 235 m  Lat: N 39° 11' 12"   Lon: W 009° 05' 02"

                  Temperature (°C), Rain (mm), Wind Speed (km/h)

                                      Heat  Cool        Avg
    Mean                              Deg   Deg         Wind                 Dom
Day Temp  High   Time   Low    Time   Days  Days  Rain  Speed High   Time    Dir
----------------------------------------------------------------------------------
01  17,7  19,6   10:22  16,2   03:22   0,8   0,2   0,0   1,3  13,0   12:17   ONO
02  16,4  18,8   14:17  12,6   21:30   1,7   0,0   0,3   2,6  38,9   23:22   NNO
03  12,5  14,6   12:59  10,5   23:42   4,4   0,0   0,0   9,3  54,1   14:11   NNO
04   9,9  11,8   23:50   8,3   07:22   3,1   0,0   0,0   5,4  44,0   08:03     N
05  13,4  17,4   13:04  10,7   01:32   1,2   0,0   0,8   4,7  31,0   20:05   ONO
06  13,3  14,9   05:49  11,1   07:51   1,3   0,0   7,3   4,2  44,7   07:31   OSO
07  14,8  18,9   12:04  12,0   03:19   1,5   0,0   0,3   3,6  31,7   23:41   SSO
08  15,4  19,0   14:39  13,7   20:11   2,9   0,0   3,4   2,8  44,0   02:13    SO
09  14,9  20,5   12:33  12,9   23:21   3,4   0,0   0,3   1,3  19,5   14:36   ONO
10  14,3  19,0   14:36  11,6   08:22   4,0   0,0   0,0   1,5  13,0   12:41   ONO
11  15,4  21,0   13:45  11,6   02:56   3,1   0,2   0,0   1,6  15,9   01:29    NO
12  15,8  21,7   14:57  12,6   06:39   2,8   0,3   0,0   1,6  18,7   10:28   NNO
13  15,0  17,4   12:09  11,9   07:00   3,3   0,0   0,0   1,9  26,0   11:04   ONO
14  16,9  21,1   14:01  14,4   07:53   1,6   0,3   0,0   2,2  17,3   23:14    SO
15  17,6  21,1   13:32  16,1   20:37   1,1   0,4   0,0   2,5  18,7   03:33    SO
16  15,2  18,2   13:01  12,9   19:47   3,1   0,0   0,0   1,8  17,3   04:21   NNO
17  15,7  19,3   15:19  12,2   05:18   2,6   0,0   0,0   2,5  26,7   18:02   NNO
18  16,3  20,8   13:54  13,0   10:03   2,1   0,2   0,0   2,0  21,6   13:59   NNO
19  20,9  25,4   15:18  17,7   22:08   0,0   2,6   0,0   2,9  32,4   08:27   NNO
20  17,8  25,3   13:47  13,0   03:30   1,5   0,9   0,0   2,9  24,5   05:59   NNO
21  15,7  20,8   13:01  11,6   07:30   2,8   0,2   0,0   4,7  31,0   09:16   OSO
22  14,4  20,2   13:50  10,2   05:56   4,0   0,1   0,0   0,9   9,4   19:45   ONO
23  14,4  19,5   14:09  11,3   08:56   4,0   0,0   0,0   1,2   9,4   13:38    NO
24  13,7  19,3   14:10  10,8   08:14   4,6   0,0   0,3   1,3  19,5   23:39    SO
25  10,9  13,8   00:44   8,5   21:37   7,4   0,0   0,5   2,2  30,3   09:40   NNO
26  10,5  14,3   13:56   7,9   06:44   7,8   0,0   0,0   3,6  25,2   09:06     O
----------------------------------------------------------------------------------
    15,0  25,4    19     7,9    26    76,1   5,4  13,2   2,5  54,1     3     ONO

Max >=  25,0  2
Max <=  18,0  7
Min <=  10,0  3
Min <=   5,0  0
Max Rain: 7,3 on day 6
Days of Rain: 8 (>= 0,3 mm)  2 (>= 2,0 mm)  0 (>= 10,0 mm)
Heat Base: 18,3  Cool Base: 18,3  Method: Integration