NOAA-Style Climate Reports

Select a Year or Month report
2020: Jan Fev Mar Abr Mai Jun Jul Ago Set Out Nov Dez
2019: Jan Fev Mar Abr Mai Jun Jul Ago Set Out Nov Dez
2018: Jan Fev Mar Abr Mai Jun Jul Ago Set Out Nov Dez
2017: Jan Fev Mar Abr Mai Jun Jul Ago Set Out Nov Dez
2016: Jan Fev Mar Abr Mai Jun Jul Ago Set Out Nov Dez

Relatório para o 2020 Fevereiro
                   Monthly Climatological Summary for Fev 2020

Name: CRASM Meteorologia   City: Tojeira, Vilar CDV   State: Portugal
Elevation: 235 m  Lat: N 39 11 12   Lon: W 009 05 02

                  Temperature (°C), Rain (mm), Wind Speed (km/h)

                                      Heat  Cool        Avg
    Mean                              Deg   Deg         Wind                 Dom
Day Temp  High   Time   Low    Time   Days  Days  Rain  Speed High   Time    Dir
----------------------------------------------------------------------------------
01  14,7  16,5   12:18  13,4   23:56   3,6   0,0   0,0   0,4  13,7   03:45   ONO
02  15,7  20,2   14:14  13,0   03:04   2,8   0,3   0,0   2,2  18,7   13:28   ONO
03  16,5  20,7   17:15   0,0   17:15   1,8   0,0   0,0   0,1  27,4   17:15    NE
04  12,4  16,7   14:22   9,5   23:39   5,9   0,0   0,0   1,4  17,3   15:01   NNO
05  14,9  20,1   16:06   9,5   01:10   3,5   0,1   0,0   4,4  53,4   10:11    NO
06  13,6  18,0   14:43  11,1   00:32   4,7   0,0   0,0   3,9  33,2   11:19   NNO
07  13,0  17,8   13:03  10,5   08:06   5,3   0,0   0,0   0,8  18,7   14:42    NO
08  12,0  16,7   14:46   9,2   06:10   6,3   0,0   4,2   2,3  28,8   18:25    NO
09  12,2  15,8   12:45   9,7   02:23   6,1   0,0   0,0   0,8  15,1   16:31   ONO
10  13,2  15,7   11:39  11,1   01:36   5,1   0,0   0,3   1,2  18,0   16:44   NNO
11  12,3  14,4   13:43  11,5   21:16   6,0   0,0   0,0   3,4  23,1   12:14   NNO
12  12,0  14,7   13:13  10,7   23:21   6,3   0,0   0,0   0,7  14,4   14:02    NO
13  13,3  15,1   11:54  10,7   00:19   5,0   0,0   0,5   1,2  15,9   13:46   NNE
14  14,2  16,9   16:15  11,7   19:17   4,1   0,0   0,0   1,8  11,5   16:29   NNE
15  13,1  20,0   15:22   9,1   08:07   5,3   0,0   0,0   0,9  15,9   17:26   ONO
16  13,6  17,0   13:36  11,2   05:24   4,7   0,0   0,0   1,1  36,0   14:44   OSO
17  12,3  14,5   02:23   8,8   23:45   6,0   0,0   1,6   6,4  45,4   16:46   NNO
18   9,3  12,2   14:50   7,0   07:29   9,0   0,0   0,0   8,1  46,9   13:03   NNO
19  11,8  18,4   15:15   5,8   06:45   6,5   0,0   0,0   2,1  18,7   14:41   NNO
20  12,5  17,5   15:35   7,2   08:17   5,8   0,0   0,0   2,0  18,7   15:43   NNO
21  15,4  23,8   13:49   9,6   00:00   3,6   0,6   0,0   2,3  23,1   12:59   ONO
22  15,9  20,9   15:13  10,1   07:40   2,7   0,3   0,0   2,3  18,7   07:16   NNO
23  17,3  22,2   15:42  11,0   00:30   1,6   0,6   0,0   2,3  15,9   08:57    NO
----------------------------------------------------------------------------------
    13,5  23,8    21     0,0     3   111,7   1,9   6,6   2,3  53,4     5     NNO

Max >=  25,0  0
Max <=  18,0 15
Min <=  10,0 11
Min <=   5,0  1
Max Rain: 4,2 on day 8
Days of Rain: 4 (>= 0,3 mm)  1 (>= 2,0 mm)  0 (>= 10,0 mm)
Heat Base: 18,3  Cool Base: 18,3  Method: Integration