NOAA-Style Climate Reports

Select a Year or Month report
2019: Jan Fev Mar Abr Mai Jun Jul Ago Set Out Nov Dez
2018: Jan Fev Mar Abr Mai Jun Jul Ago Set Out Nov Dez
2017: Jan Fev Mar Abr Mai Jun Jul Ago Set Out Nov Dez
2016: Jan Fev Mar Abr Mai Jun Jul Ago Set Out Nov Dez

Relatório para o 2019 Fevereiro
                   Monthly Climatological Summary for Fev 2019

Name: CRASM Meteorologia   City: Tojeira, Vilar CDV   State: Portugal
Elevation: 235 m  Lat: N 39 11 12   Lon: W 009 05 02

                  Temperature (°C), Rain (mm), Wind Speed (km/h)

                                      Heat  Cool        Avg
    Mean                              Deg   Deg         Wind                 Dom
Day Temp  High   Time   Low    Time   Days  Days  Rain  Speed High   Time    Dir
----------------------------------------------------------------------------------
01   9,2  11,4   14:14   6,9   16:50   9,1   0,0   6,5  14,0  80,0   12:32    NO
02   8,4  11,0   13:36   6,5   22:05   9,9   0,0   1,0  11,6  49,0   02:50   NNO
03   8,1  11,7   14:54   6,2   06:58  10,2   0,0   0,0   4,8  26,7   12:27   NNO
04   8,7  13,6   14:27   5,0   06:35   9,6   0,0   0,0   1,5  18,0   16:05    NO
05  11,1  17,6   15:02   7,3   05:21   7,2   0,0   0,0   1,2  11,5   17:08    NO
06  12,0  17,8   13:28   9,0   23:39   6,3   0,0   0,0   1,7  19,5   14:35   NNO
07  10,9  14,2   15:32   8,9   01:37   7,4   0,0   0,0   4,8  27,4   15:47   NNO
08  10,6  14,2   13:38   9,1   00:13   7,7   0,0   0,3   1,7  17,3   12:51    NO
09  11,8  15,8   14:58   9,2   00:06   6,5   0,0   0,0   1,1  14,4   14:18     O
10  12,3  15,0   13:16   8,8   22:02   6,0   0,0   2,3   3,6  26,0   13:25    NO
11   9,3  13,1   15:13   6,7   23:31   9,0   0,0   0,3   4,6  24,5   08:23     N
12  12,7  19,5   15:56   7,2   00:00   5,6   0,0   0,0   3,1  25,2   05:36   NNO
13  13,0  19,7   15:48   9,0   04:59   5,3   0,1   0,0   1,2  17,3   13:33    NO
14  13,7  18,5   14:28   9,8   04:04   4,6   0,0   0,0   6,1  44,7   05:54   NNO
15  13,7  17,8   15:48  10,9   06:28   4,6   0,0   0,0   5,4  46,9   01:39   ONO
16  14,1  21,0   15:22  10,6   23:49   4,4   0,2   0,0   3,0  23,8   06:26    NO
17  12,0  17,7   14:34   8,6   08:05   6,3   0,0   3,6   0,9  13,7   14:00   OSO
18   9,0  11,0   00:00   7,6   06:57   9,3   0,0   2,9   5,5  43,3   01:13     N
----------------------------------------------------------------------------------
    11,1  21,0    16     5,0     4   129,0   0,3  16,9   4,2  80,0     1     NNO

Max >=  25,0  0
Max <=  18,0 14
Min <=  10,0 16
Min <=   5,0  1
Max Rain: 6,5 on day 1
Days of Rain: 7 (>= 0,3 mm)  4 (>= 2,0 mm)  0 (>= 10,0 mm)
Heat Base: 18,3  Cool Base: 18,3  Method: Integration