NOAA-Style Climate Reports

Select a Year or Month report
2018: Jan Fev Mar Abr Mai Jun Jul Ago Set Out Nov Dez
2017: Jan Fev Mar Abr Mai Jun Jul Ago Set Out Nov Dez
2016: Jan Fev Mar Abr Mai Jun Jul Ago Set Out Nov Dez

Relatório para o 2018 Dezembro
                   Monthly Climatological Summary for Dez 2018

Name: CRASM Meteorologia   City: Tojeira, Vilar CDV   State: Portugal
Elevation: 235 m  Lat: N 39 11 12   Lon: W 009 05 02

                  Temperature (°C), Rain (mm), Wind Speed (km/h)

                                      Heat  Cool        Avg
    Mean                              Deg   Deg         Wind                 Dom
Day Temp  High   Time   Low    Time   Days  Days  Rain  Speed High   Time    Dir
----------------------------------------------------------------------------------
01  11,4  15,0   13:23   9,1   00:19   6,9   0,0   0,0   0,7  12,3   12:35    NO
02  12,8  17,3   15:41   9,9   02:19   5,5   0,0   0,0   0,5   7,9   14:25     O
03  12,6  15,0   14:05   8,6   23:56   5,7   0,0   0,0   0,7   9,4   13:33   NNO
04  11,4  18,9   13:44   7,6   03:10   6,9   0,0   0,0   0,6  15,1   13:04   ONO
05  13,4  18,6   15:20  11,4   04:45   4,9   0,0   0,0   1,8  17,3   22:36   NNO
06  13,5  17,1   14:29  11,3   23:30   4,8   0,0   0,0   3,3  21,6   13:17   NNO
07  12,1  14,4   15:11  10,0   06:48   6,2   0,0   0,0   4,9  25,2   23:47   NNO
08  12,0  14,2   13:51  10,3   20:26   6,3   0,0   0,0   5,1  33,2   01:10     N
09  12,3  17,1   13:54   8,7   01:23   6,0   0,0   0,0   1,8  16,6   02:28   NNO
10  12,5  12,5   00:00  12,5   00:00   5,8   0,0   0,0   0,0   0,0   00:00     N
11  12,5  12,5   00:00  12,5   00:00   5,8   0,0   0,0   0,0   0,0   00:00     N
12  13,1  16,5   13:17   0,0   00:58   5,2   0,0   2,3   1,7  23,8   00:58    SO
13  10,4  13,9   01:26   8,4   23:58   7,9   0,0  10,4   9,9  69,9   03:44   NNO
14  11,0  14,1   14:38   8,3   00:26   7,3   0,0   0,0   2,9  22,4   13:05    NO
15  13,3  15,2   13:08  11,6   00:00   5,0   0,0   0,5   3,0  15,9   18:23    SO
16  12,6  15,3   03:31   9,5   23:59   5,7   0,0   3,6   5,3  54,1   09:56    NO
17  10,1  14,5   14:11   7,7   05:35   8,2   0,0   0,0   1,8  18,0   23:52   NNO
----------------------------------------------------------------------------------
    12,2  18,9     4     0,0    12   104,1   0,0  16,8   2,6  69,9    13     NNO

Max >=  25,0  0
Max <=  18,0 15
Min <=  10,0 11
Min <=   5,0  1
Max Rain: 10,4 on day 13
Days of Rain: 4 (>= 0,3 mm)  3 (>= 2,0 mm)  1 (>= 10,0 mm)
Heat Base: 18,3  Cool Base: 18,3  Method: Integration