NOAA-Style Climate Reports

Select a Year or Month report
2019: Jan Fev Mar Abr Mai Jun Jul Ago Set Out Nov Dez
2018: Jan Fev Mar Abr Mai Jun Jul Ago Set Out Nov Dez
2017: Jan Fev Mar Abr Mai Jun Jul Ago Set Out Nov Dez
2016: Jan Fev Mar Abr Mai Jun Jul Ago Set Out Nov Dez

Relatório para o 2019 Abril
                   Monthly Climatological Summary for Abr 2019

Name: CRASM Meteorologia   City: Tojeira, Vilar CDV   State: Portugal
Elevation: 235 m  Lat: N 39 11 12   Lon: W 009 05 02

                  Temperature (°C), Rain (mm), Wind Speed (km/h)

                                      Heat  Cool        Avg
    Mean                              Deg   Deg         Wind                 Dom
Day Temp  High   Time   Low    Time   Days  Days  Rain  Speed High   Time    Dir
----------------------------------------------------------------------------------
01  13,2  18,4   15:54  10,1   23:03   5,1   0,0   3,1   1,8  18,7   17:51    NO
02  12,5  17,5   15:03  10,0   01:36   5,8   0,0   0,0   4,3  38,9   18:08   NNO
03  10,1  13,0   15:14   8,3   23:22   8,2   0,0   0,0  11,7  58,4   13:26   NNO
04   9,1  14,3   14:31   6,0   05:53   9,2   0,0   1,3   4,4  29,6   16:59   NNO
05   8,0  11,5   18:23   4,5   05:29  10,3   0,0   8,3   7,2  52,6   15:16    NO
06  10,2  13,3   14:29   6,9   04:20   8,1   0,0   1,6  10,6  49,0   14:52   ONO
07  12,0  14,2   18:28   5,1   04:39   6,3   0,0   1,8  13,6  37,5   18:27     O
08  11,4  14,1   15:57   9,3   07:15   6,9   0,0   3,1   3,1  30,3   14:10   ONO
09  11,3  14,8   14:12   8,3   06:57   7,0   0,0   2,1   7,9  42,5   15:14    NO
10  11,4  15,2   16:10   9,8   00:46   6,9   0,0   1,0   8,0  58,4   14:49   NNO
11  11,6  15,8   15:15   9,2   02:43   6,7   0,0   0,0   6,6  35,3   16:24   NNO
12  12,5  18,8   14:21   9,3   06:04   5,8   0,0   0,0   3,7  26,0   19:46   NNO
13  14,2  17,3   11:39  11,2   00:00   4,1   0,0   0,5   0,7  13,0   13:54    NO
14  16,7  22,4   16:53  14,0   23:41   2,1   0,5   0,0   0,7  12,3   16:56   ONO
15  13,4  17,4   15:18   9,8   23:36   4,9   0,0   0,5   4,0  37,5   14:02    NO
16  13,5  22,1   15:52   8,7   06:47   5,1   0,3   0,0   1,6  18,7   12:45     O
17  12,3  14,3   18:29  10,9   22:11   6,0   0,0   8,1   3,2  22,4   16:04    SO
18  12,6  17,3   14:32  10,5   05:19   5,7   0,0   3,9   3,1  26,7   16:31    NO
19  12,9  16,1   17:55  10,5   05:15   5,4   0,0   1,3   2,5  26,7   11:42   NNO
20  16,6  22,3   17:14  11,8   03:03   2,5   0,8   0,0   4,2  33,9   17:28   NNO
21  16,3  20,3   13:22  13,7   06:06   2,2   0,2   0,0   6,5  36,0   04:14    NO
22  13,5  18,3   14:39   8,9   21:38   4,8   0,0   5,5   3,9  31,7   20:34    NO
23   8,9  12,2   17:43   6,4   09:36   9,4   0,0   5,5   6,0  51,2   05:51    NO
----------------------------------------------------------------------------------
    12,4  22,4    14     4,5     5   138,5   1,8  47,6   5,2  58,4     3      NO

Max >=  25,0  0
Max <=  18,0 16
Min <=  10,0 15
Min <=   5,0  1
Max Rain: 8,3 on day 5
Days of Rain: 15 (>= 0,3 mm)  8 (>= 2,0 mm)  0 (>= 10,0 mm)
Heat Base: 18,3  Cool Base: 18,3  Method: Integration