NOAA-Style Climate Reports

Select a Year or Month report
2021: Jan Fev Mar Abr Mai Jun Jul Ago Set Out Nov Dez
2020: Jan Fev Mar Abr Mai Jun Jul Ago Set Out Nov Dez
2019: Jan Fev Mar Abr Mai Jun Jul Ago Set Out Nov Dez
2018: Jan Fev Mar Abr Mai Jun Jul Ago Set Out Nov Dez
2017: Jan Fev Mar Abr Mai Jun Jul Ago Set Out Nov Dez
2016: Jan Fev Mar Abr Mai Jun Jul Ago Set Out Nov Dez

Relatório para o 2021 Junho
                   Monthly Climatological Summary for Jun 2021

Name: CRASM Meteorologia   City: Tojeira, Vilar CDV   State: Portugal
Elevation: 235 m  Lat: N 39° 11' 12"   Lon: W 009° 05' 02"

                  Temperature (°C), Rain (mm), Wind Speed (km/h)

                                      Heat  Cool        Avg
    Mean                              Deg   Deg         Wind                 Dom
Day Temp  High   Time   Low    Time   Days  Days  Rain  Speed High   Time    Dir
----------------------------------------------------------------------------------
01  15,2  17,0   15:51  12,6   23:33   2,3   0,0   0,0   1,8  16,6   14:37   ONO
02  14,7  21,9   11:28  11,8   06:57   2,8   0,1   0,0   3,5  44,0   21:50    NO
03  13,4  17,3   14:45  10,7   05:15   3,7   0,0   0,0   8,0  51,9   16:25   NNO
04  14,4  18,8   14:00  11,2   02:39   3,0   0,0   0,0   5,0  39,7   11:23   NNO
05  15,7  21,0   15:08  12,3   00:47   2,3   0,3   0,0   2,1  26,7   16:42    NO
06  16,2  21,2   15:15  13,1   06:07   2,0   0,4   0,0   3,4  26,0   09:31   NNO
07  15,4  20,6   14:57  13,2   04:49   2,4   0,2   0,0   2,4  25,2   15:58   NNO
08  16,0  22,1   16:20  12,2   05:12   2,2   0,5   0,0   2,3  33,9   16:58   NNO
09  17,7  24,6   13:52  13,1   02:18   1,7   1,2   0,0   1,4  23,1   17:58   NNO
10  16,5  22,1   13:16  13,6   03:30   1,7   0,4   0,0   4,5  25,2   15:04   NNO
11  16,4  21,0   16:38  14,2   04:29   1,7   0,3   0,0   4,0  28,1   00:33    NO
12  19,8  30,8   14:24  14,1   07:20   1,1   2,3   0,0   0,7  17,3   15:33    NO
13  21,4  27,8   12:18  16,8   00:19   0,1   2,4   0,0   3,4  27,4   06:30   ONO
14  19,5  27,2   15:11  15,1   04:58   0,8   1,7   0,0   1,3  20,2   16:11    NO
----------------------------------------------------------------------------------
    16,6  30,8    12    10,7     3    27,8   9,8   0,0   3,1  51,9     3     NNO

Max >=  25,0  3
Max <=  18,0  2
Min <=  10,0  0
Min <=   5,0  0
Max Rain: 0,0 on day 0
Days of Rain: 0 (>= 0,3 mm)  0 (>= 2,0 mm)  0 (>= 10,0 mm)
Heat Base: 18,3  Cool Base: 18,3  Method: Integration