NOAA-Style Climate Reports

Select a Year or Month report
2019: Jan Fev Mar Abr Mai Jun Jul Ago Set Out Nov Dez
2018: Jan Fev Mar Abr Mai Jun Jul Ago Set Out Nov Dez
2017: Jan Fev Mar Abr Mai Jun Jul Ago Set Out Nov Dez
2016: Jan Fev Mar Abr Mai Jun Jul Ago Set Out Nov Dez

Relatório para o 2019 Outubro
                   Monthly Climatological Summary for Out 2019

Name: CRASM Meteorologia   City: Tojeira, Vilar CDV   State: Portugal
Elevation: 235 m  Lat: N 39 11 12   Lon: W 009 05 02

                  Temperature (°C), Rain (mm), Wind Speed (km/h)

                                      Heat  Cool        Avg
    Mean                              Deg   Deg         Wind                 Dom
Day Temp  High   Time   Low    Time   Days  Days  Rain  Speed High   Time    Dir
----------------------------------------------------------------------------------
01  18,4  23,1   13:49  15,7   23:46   0,9   1,0   0,0   6,4  26,0   14:34   NNO
02  16,5  20,9   13:59  14,3   07:03   2,1   0,3   0,0   6,7  44,7   12:11   NNO
03  17,3  22,2   13:34  14,4   04:28   1,8   0,8   0,0   5,0  32,4   13:38   NNO
04  18,4  23,0   14:22  15,2   21:40   0,7   0,9   0,0   5,6  37,5   17:02   NNO
05  16,2  20,2   14:20  14,3   05:10   2,3   0,2   0,0   7,1  39,7   13:40   NNO
06  17,4  23,0   14:09  14,4   04:10   1,8   0,9   0,0   5,9  29,6   22:06   NNO
07  17,4  24,3   15:18  13,3   08:20   2,0   1,1   0,0   3,8  28,1   16:28   NNO
08  17,7  22,8   15:53  14,8   23:39   1,3   0,7   0,0   5,2  37,5   16:09   NNO
09  15,4  18,9   14:06  13,6   06:20   2,9   0,0   0,0  10,1  48,3   12:33   NNO
10  16,8  24,4   15:28  12,3   07:31   2,6   1,1   0,0   3,4  29,6   16:16   NNO
11  19,0  29,1   14:57  13,8   05:26   1,3   2,0   0,0   0,8  14,4   16:16   ONO
12  19,3  24,2   14:28  16,8   23:28   0,3   1,2   0,0   2,5  19,5   09:44     O
13  18,5  24,3   16:12  15,6   23:53   0,7   1,0   0,5   3,3  22,4   15:56    SO
14  14,3  17,5   15:15  12,5   06:53   4,1   0,0  13,8   5,2  41,1   15:20    NO
----------------------------------------------------------------------------------
    17,3  29,1    11    12,3    10    24,8  11,2  14,3   5,1  48,3     9     NNO

Max >=  25,0  1
Max <=  18,0  1
Min <=  10,0  0
Min <=   5,0  0
Max Rain: 13,8 on day 14
Days of Rain: 2 (>= 0,3 mm)  1 (>= 2,0 mm)  1 (>= 10,0 mm)
Heat Base: 18,3  Cool Base: 18,3  Method: Integration