NOAA-Style Climate Reports

Select a Year or Month report
2020: Jan Fev Mar Abr Mai Jun Jul Ago Set Out Nov Dez
2019: Jan Fev Mar Abr Mai Jun Jul Ago Set Out Nov Dez
2018: Jan Fev Mar Abr Mai Jun Jul Ago Set Out Nov Dez
2017: Jan Fev Mar Abr Mai Jun Jul Ago Set Out Nov Dez
2016: Jan Fev Mar Abr Mai Jun Jul Ago Set Out Nov Dez

Relatório para o 2020 Setembro
                   Monthly Climatological Summary for Set 2020

Name: CRASM Meteorologia   City: Tojeira, Vilar CDV   State: Portugal
Elevation: 235 m  Lat: N 39 11 12   Lon: W 009 05 02

                  Temperature (°C), Rain (mm), Wind Speed (km/h)

                                      Heat  Cool        Avg
    Mean                              Deg   Deg         Wind                 Dom
Day Temp  High   Time   Low    Time   Days  Days  Rain  Speed High   Time    Dir
----------------------------------------------------------------------------------
01  17,9  23,4   14:21  14,3   03:05   1,4   1,0   0,0   8,4  41,8   19:31   NNO
02  20,5  29,5   13:30  14,4   06:26   1,1   3,2   0,0   4,8  32,4   17:08   NNO
03  26,6  37,5   14:26  19,5   06:11   0,0   8,3   0,0   4,1  26,0   15:18   NNO
04  22,7  30,7   13:38  15,6   08:50   0,4   4,7   0,0   4,1  19,5   01:08   NNO
05  19,7  27,7   15:45  14,8   06:43   1,2   2,6   0,0   3,3  17,3   00:12   NNO
06  23,7  34,1   13:38  16,2   00:58   0,2   5,6   0,0   2,9  30,3   14:49   NNO
07  24,3  33,5   14:15  16,9   04:33   0,1   6,1   0,0   3,2  23,1   14:20   NNO
08  26,2  35,2   15:05  18,1   00:17   0,0   7,9   0,0   4,5  36,0   11:03   NNO
09  23,7  32,8   14:14  18,0   21:44   0,0   5,4   0,0   2,5  23,1   14:57   ONO
10  22,0  30,9   14:40  16,9   05:22   0,2   3,9   0,0   2,6  39,7   16:22    NO
11  23,2  32,0   14:06  17,1   04:02   0,0   4,9   0,0   2,8  20,2   14:51   NNO
12  25,4  35,7   14:09  18,6   07:31   0,0   7,1   0,0   1,6  20,2   12:34    NO
13  25,0  32,9   13:19  19,1   23:29   0,0   6,7   0,0   2,2  33,9   10:05   OSO
14  20,9  27,0   13:39  16,4   07:17   0,3   2,9   0,0   2,2  31,7   15:45   ONO
15  21,7  29,7   15:19  17,2   22:11   0,1   3,5   0,0   1,7  22,4   17:31     O
16  20,8  29,1   15:36  16,8   03:31   0,4   2,9   0,0   1,8  15,9   16:28   ONO
17  18,8  25,4   14:26  16,0   21:40   0,8   1,3   0,3   2,2  28,1   13:21     O
18  17,5  19,3   15:26  16,6   07:29   0,8   0,0   0,3   5,9  43,3   08:46   OSO
19  18,5  23,0   15:11  16,3   06:46   0,6   0,9   0,0   2,5  29,6   16:26   OSO
----------------------------------------------------------------------------------
    22,1  37,5     3    14,3     1     7,6  78,9   0,6   3,3  43,3    18      NO

Max >=  25,0 16
Max <=  18,0  0
Min <=  10,0  0
Min <=   5,0  0
Max Rain: 0,3 on day 17
Days of Rain: 2 (>= 0,3 mm)  0 (>= 2,0 mm)  0 (>= 10,0 mm)
Heat Base: 18,3  Cool Base: 18,3  Method: Integration